5*-2*(-3)/15*31. Let g = k + 457. Calculate the remainder when g is divided by 37.
36
Suppose -14 = 2*z - 2*j, 5*z + 30 = 2*j + 2*j. Calculate the remainder when (z + 52/8)*2 is divided by 4.
1
Let y(j) = 4*j**2. Let v(f) = -f**3 + 11*f**2 - 10*f + 13. Calculate the remainder when y(3) is divided by v(10).
10
Let r(v) = -2*v**2 + 26*v - 58. Calculate the remainder when 319 is divided by r(9).
11
Suppose r = 214 + 82. Suppose -6*j + 4 = -r. Calculate the remainder when j is divided by 26.
24
Suppose 5 = -2*s + 33. Suppose 0 = -s*a + 17*a - 240. Calculate the remainder when a is divided by 9.
8
Suppose -4*k = 10*y - 5*y - 33, 5*y = -k + 27. Suppose -o + 2 = -k, -4*d + 176 = -4*o. What is the remainder when d is divided by 9?
3
What is the remainder when (-987)/35*(20/12 - 5) is divided by 6?
4
What is the remainder when 74/814 - (1 - 8886/22) is divided by 135?
133
Suppose -3*b - 880 = 1295. Let m(v) = v**2 + 6*v + 1. Calculate the remainder when (-6)/(-8) + b/(-20) is divided by m(-7).
5
Let g = -4 - -9. Suppose g*l - 27 = 238. Let w = -30 + l. Calculate the remainder when w is divided by 8.
7
Let y be (0 + -2)*15/(-10). Suppose y*k - 79 = 44. What is the remainder when k is divided by 14?
13
Let u(z) = z**3 + z**2 - 5*z + 4. Let c be u(-3). Let l = c - -27. What is the remainder when l is divided by 6?
4
Let b be (-5)/(-20) - 23/(-4). Let v be b/(3 + 44/(-14)). Let c = -25 - v. What is the remainder when 31 is divided by c?
14
Let r(f) = 6*f + 265. Calculate the remainder when 83 is divided by r(-39).
21
Let j(w) = -2*w + 2. Let r be j(9). Let f be (-4)/r + (-21)/(-12). Suppose f*v - 11 = 1. What is the remainder when 15 is divided by v?
3
Let h = 172 - 160. Calculate the remainder when h is divided by 2.
0
Let w be (2/(-5))/((-1)/5). Suppose -3*n + f = 5*f - 8, 24 = w*n - 2*f. What is the remainder when n/2 + 8/2 is divided by 7?
1
Let u(s) = -s**3 - s + 16. Calculate the remainder when 143 is divided by u(0).
15
Calculate the remainder when 46 - (-2 - -2)*-1 is divided by (5/(-6))/5 + 291/18.
14
Suppose -3*a - 50 = -k, -15 = -2*k + k - 4*a. Calculate the remainder when k is divided by 9.
8
Let k(v) = -3*v**2 - 2*v + 110. Let i be k(0). Let a = i + 25. What is the remainder when a is divided by 34?
33
Suppose -11*w + 7*w - 3*a + 4710 = 0, -3*w + 4*a + 3520 = 0. Calculate the remainder when w is divided by 38.
36
Let u = -27 + 71. Calculate the remainder when u is divided by (27 - 22) + (9 - -1).
14
Let q = 14 - 27. Let y = q + 22. Calculate the remainder when y is divided by 2.
1
Let k = 15 + -9. Let j be (-3)/(-2) - (-21)/6. Calculate the remainder when k is divided by 3*-1 - (j + -12).
2
Suppose -2*n + 6*j + 135 = j, 5*n + j = 297. Let s = -9 - -24. What is the remainder when (-2 - -1 - 1) + n is divided by s?
13
Let n(r) = -63*r + 14. What is the remainder when n(0) is divided by 1?
0
Let u be (-4)/6 + 2/3. Suppose 2*c - 3*v - 34 = u, 3*c - 5*v - 80 = -2*c. Calculate the remainder when 55 is divided by c.
13
Let n be 78/(-21) - (-4)/(-14). Let p = 407 + -405. Calculate the remainder when n/(-5)*65/p is divided by 9.
8
Suppose 0 = 4*t - 457 + 373. What is the remainder when 133 is divided by t?
7
What is the remainder when 144 is divided by ((-6)/16)/((57/24)/(-19))?
0
Suppose 0 = -7*l + 508 + 1004. Suppose 9*n - 4*n - 368 = -z, -3*n + z + l = 0. Calculate the remainder when n is divided by 25.
23
Let h(v) = v**3 + 7*v**2 + 4*v + 7. Suppose -3*j + 4*f = -0*j + 10, -2*f = -j - 6. What is the remainder when h(-5) is divided by (-3)/j*40/(-6)?
7
What is the remainder when 100 is divided by 1 + (-4)/(-8) - 90/(-4)?
4
Suppose p = -2*p + 195. Suppose 8*r - p = 3*r. Let u = -3538 - -3589. What is the remainder when u is divided by r?
12
Let c be 4/((3 + -2)*1). Suppose -5*p + 24 = -c*p. Let i(b) = -b + 24. Calculate the remainder when p is divided by i(15).
6
Let b be (-24)/(-14) + (-22)/(-77). Suppose 4*k = -5*d + 29, -b*d - 6*k + 12 = -4*k. What is the remainder when 11 is divided by d?
1
Let m = -16 - -21. Suppose 4*n - 128 = -0*s + 2*s, m*n - 160 = -2*s. Let d = n + -18. What is the remainder when 40 is divided by d?
12
Let d(q) = -4*q**3 + 0*q**3 + 5*q**3 + 8*q**2 + 2. Let s be d(-8). Suppose s*c - 4*c = -174. Calculate the remainder when c is divided by 22.
21
Let f be 946/(-8) - (3 - (-26)/(-8)). Let j = 130 + f. What is the remainder when 47 is divided by j?
11
Calculate the remainder when 560 is divided by (2 - -2)/(59/177).
8
Suppose 0 = 5*f - 15 - 20. Let s(r) = -r**3 + 9*r**2 - 5*r + 3. Let u be s(8). Let i = u + -8. Calculate the remainder when i is divided by f.
5
Let r = 14 + 63. Suppose -3*w + r = 9*u - 4*u, -u + 15 = w. Let t(j) = 6*j - 132. What is the remainder when t(32) is divided by u?
12
What is the remainder when (-5)/(2 - 895/445) is divided by 64?
61
Let c = 33 - 2. Let m(j) = 2*j**2 - 6*j - 9. Let w(t) = -t**2 + 3*t + 5. Let h(d) = -2*m(d) - 5*w(d). What is the remainder when c is divided by h(6)?
9
Let g(s) be the first derivative of -s**4/4 + 11*s**3/3 - 11*s**2/2 + 8*s - 35. Calculate the remainder when g(7) is divided by 43.
41
Let h = 60 + -40. Suppose -5*p + 141 + 249 = 0. Calculate the remainder when p is divided by h.
18
Suppose 0*p + 8*p = 1368. What is the remainder when p is divided by 22?
17
Let r(k) = k**2 - 10*k + 25. Let i be r(6). Suppose -4*l + 150 = l. Calculate the remainder when l is divided by (3*(-1)/6)/(i/(-22)).
8
Suppose -5*o - 3*q = 9, 2*o + 3*q = 7*q + 12. Suppose -103 + 26 = -s. What is the remainder when s is divided by 4/(-1) + 30 + o?
25
Let t(v) = 3*v**2 - 64*v - 19. Calculate the remainder when t(22) is divided by (-1)/(((-6)/(-28))/(-3)).
11
Let b(g) = 6*g - 43. Calculate the remainder when 36 is divided by b(12).
7
Let a = 32 - 2. Let b = -4 - a. Let g = 37 + b. Calculate the remainder when g is divided by 3.
0
Let c(x) = 9*x**2 + x - 1. Let m be c(1). Calculate the remainder when (-3)/m - (-476)/6 is divided by 20.
19
Let c = 435 - 407. Calculate the remainder when 670 is divided by c.
26
Suppose m - 3*m = -2*p + 110, 2*p - 119 = -m. Calculate the remainder when p is divided by 37 + -6*2/(-4 - -6).
27
Let l(n) = n**3 + 1 + 3*n - 9 - 6*n**2 - 5*n. Let p be 4 + 0 + (0 - (-7 + 4)). What is the remainder when l(p) is divided by 10?
7
Calculate the remainder when 189 is divided by ((-11)/44*10)/(2/(-8)).
9
Let f(i) = -i - 1. Let b be f(-5). Suppose -b*v = -3 - 37. Let c(o) = -11*o - 6. What is the remainder when c(-4) is divided by v?
8
Let l(u) = 2*u**3 + 4*u**2 - 4*u - 1. Suppose -2*r + 960 = 4*r. Suppose -4*z = 6*z - r. What is the remainder when l(3) is divided by z?
13
Suppose 9 = -v + 4*v. Let g be 4 - (-2 + (1 - 1)). Suppose 3*s - 171 = -3*h, -g - 9 = v*h. Calculate the remainder when s is divided by 21.
20
Suppose -5*y = 413 + 117. Let n = -53 - y. Let r = -33 - -51. Calculate the remainder when n is divided by r.
17
What is the remainder when 66 is divided by 20 + (3 - 8) + 2?
15
Let l = -17 + 4. Let d(y) = -y**3 - 14*y**2 - 19*y. What is the remainder when d(l) is divided by 27?
24
Suppose 18*t + 5*t = 391. What is the remainder when 26 is divided by t?
9
Suppose -c = 0, 15 = 4*p - p - 2*c. Suppose -p*j + 2*y + 15 = -15, 0 = -4*j + 5*y + 7. What is the remainder when 23 is divided by j?
7
Let r = -2760 - -2824. Suppose 0 = l - 18 - 4. Calculate the remainder when r is divided by l.
20
Suppose 0 = 6*o + 3*o - 450. Let n be (-14)/21*(-52 + 1). Suppose 4*a = 34 + n. What is the remainder when o is divided by a?
16
Let i be 54/135 - (-16)/10. Suppose 4*y + 31 = 5*y - l, 2*y + i*l - 58 = 0. What is the remainder when 55 is divided by y?
25
Suppose -6*d + 174 = -60. Suppose -16*h + 202 = -118. Calculate the remainder when d is divided by h.
19
Suppose -5*t + 29 = -16. Let j(b) = -3*b**2 - 89*b + 33. Calculate the remainder when t is divided by j(-30).
0
Let l = 2773 - 2739. Calculate the remainder when 474 is divided by l.
32
Suppose 79 = -3*h + 64, -4*d - 3*h + 217 = 0. What is the remainder when 156 is divided by d?
40
Let n(c) = -c**3 - 4*c**2 + 3*c + 3. Let p(v) = 75*v**2 + 25*v - 24. Calculate the remainder when p(1) is divided by n(-5).
11
Suppose 513 = 4*q + 5*j, -3*q + j + 325 + 55 = 0. What is the remainder when 373 is divided by q?
119
What is the remainder when 91 is div